34)/(-51)). Let s = p + 73. Calculate the highest common factor of s and 35.
35
Let s be (-4)/(-12) - 4/((-12)/137). Let r be (-16)/(-48)*2*(-6)/4. Let l = r + s. Calculate the greatest common factor of l and 5.
5
Let o be -3 - (7 - 20) - (-305 - 0). Calculate the greatest common divisor of o and 2790.
45
Let o be 7 + (1 - 2) - (-4164 + 102). Calculate the highest common factor of o and 24.
12
Let n = 1380 + -1374. Suppose 4 + 2 = 2*w. Let l be 30*-8*w/(-15). What is the highest common factor of l and n?
6
Let o = -1280 - -1394. Suppose -4*l - 30 = -3*m, -2*m - 3*l + 0*l + 3 = 0. What is the greatest common divisor of o and m?
6
Let c = 4386 - 4308. What is the highest common factor of 12324 and c?
78
Let i be (16796/57)/26*(-183)/(-2). Calculate the greatest common divisor of 61 and i.
61
Suppose 664*k - 696*k + 2880 = 0. Let c(q) = -4 - 2*q + 0 + 59*q**2 + 3. Let x be c(-1). What is the highest common divisor of k and x?
30
Suppose 732 = 235*g - 239*g. Let z = g + 233. Calculate the highest common divisor of z and 75.
25
Suppose 29*p = -11*p + 600. Suppose 0 = -p*s + 1009 + 1466. Calculate the greatest common divisor of s and 15.
15
Suppose 11*u - 9*u + 66 = 8*u. What is the highest common divisor of 33 and u?
11
Suppose 5*o + 1120 = 6070. Suppose -17*j - 5*j = -o. What is the greatest common divisor of j and 5?
5
Let h be (3/(-3) + -2)*(-830)/498. Calculate the greatest common divisor of 373 and h.
1
Suppose 10*w = 12*w - 4*h - 316, 0 = 4*w - h - 625. What is the highest common divisor of 676 and w?
52
Let a = -15 - -27. Let z = -469184 - -469210. Calculate the greatest common divisor of z and a.
2
Let b be (-681)/(-18) + 4*(-4)/(-96) - 6. What is the greatest common divisor of b and 1632?
32
Let z = -65 + -17. Let u = 68 - z. Suppose 2*r + 3*r - u = 0. Calculate the highest common divisor of r and 10.
10
Suppose -529 = -2*y - 2*w - 15, -3*w - 253 = -y. Suppose -6*o = -11*o + 3*v + y, 54 = o - 2*v. What is the highest common factor of 80 and o?
10
Suppose -14164 + 24729 = 14*b - 62263. What is the greatest common divisor of b and 18?
18
Suppose 0 = -j, -2*u - 3*u + 543 = -4*j - 197. What is the highest common divisor of 52 and u?
4
Let t = 452 + -350. Let w(n) = -31*n - 19. Let j be w(-5). Calculate the highest common divisor of t and j.
34
Let n(m) = -65*m**2 - 208*m + 15. Let j be n(-3). What is the highest common factor of j and 450?
18
Suppose 3*q - 1 = -l + 6, 0 = 3*q + 4*l - 10. Suppose -4*d - q + 10 = 0, -i - 3*d = -28. Calculate the highest common divisor of i and 11.
11
Let c = -137 + 197. Let u = 10099 - 9769. Calculate the highest common factor of c and u.
30
Let y = 4071 - 968. What is the greatest common factor of 29 and y?
29
Let j be (228/(-8) - 0)*-2. Suppose -j*t + 715 = -52*t. What is the highest common factor of 13 and t?
13
Suppose -113*f = -95*f - 3768 - 3954. What is the highest common factor of f and 528?
33
Suppose -1210*o - 75600 = -1245*o. What is the greatest common divisor of o and 378?
54
Let y = -73 + 17. Let q = y + 110. Calculate the greatest common factor of q and 12.
6
Let r(j) = 23*j**2 + 40*j - 316. Let c be r(11). What is the highest common factor of 153 and c?
153
Suppose -82*f - 27*f + 4302 = 1250. Calculate the highest common factor of f and 287.
7
Let m = 405 + -398. Suppose 16*n = m + 57. Calculate the greatest common divisor of 128 and n.
4
Let w(b) = -3*b**2 - 19*b - 16. Suppose 3*j - 14 = -35. Let m be w(j). Let k be 3/5 - -43*(-414)/m. What is the highest common factor of k and 54?
54
Suppose 11 - 89 = -13*m. Calculate the highest common divisor of m and 78.
6
Suppose -78*r + 79*r - 21 = 3*k, -2*r + 28 = k. What is the highest common factor of r and 33?
3
Let o be -12*(-7)/1050 + 8198/25. Suppose -h + 164 = 3*h. What is the highest common divisor of o and h?
41
Let s = 355 - 243. Let f = -1091 - -1217. Let w be (-7)/(f/8) - (-469)/63. Calculate the greatest common divisor of w and s.
7
Suppose -5*l - 4*l + 36 = 0. Let a be -1*(l - (-4 - -33)). Let i = 3 + a. Calculate the greatest common factor of 56 and i.
28
Suppose q - 5*k = 5, -5*q + 2*k = -k - 91. Let i be (q - (-4 - -4))/(1/11). What is the highest common factor of 165 and i?
55
Let n = -10 + 38. Suppose -3*s = 2*d - 19, -3*s + n - 5 = 4*d. Let i be 1 + 0 + 0 - -39. Calculate the greatest common divisor of i and s.
5
Let t(x) = -x**3 + 8*x**2 + 9*x + 18. Let j be t(9). Let n(m) = 4*m**2 + 39*m - j*m - 12 - 21*m. Let g be n(-5). Calculate the highest common factor of g and 8.
8
Let l = 2031 - 1113. Let c = -350152 - -350206. Calculate the highest common factor of l and c.
54
Suppose 0 = -3*f - 5*t + 19204, 0 = -18*f + 15*f - 2*t + 19216. Suppose 12*i + f = 20*i. Calculate the highest common factor of 9 and i.
9
Suppose 8*w - 237006 = -14*w. Suppose -43*v = 20*v - w. What is the highest common factor of v and 228?
57
Let a = 5766 + -5762. Calculate the greatest common divisor of a and 36.
4
Let z = -1565 + 2710. Let w = -749 + z. Calculate the highest common divisor of 44 and w.
44
Let x be 36/(-24)*((-122)/3 + 6). What is the highest common divisor of 1586 and x?
26
Suppose -14*g + 366 = x - 10*g, 2*g + 792 = 2*x. Let p(v) = 7*v**3 + 2*v**2 - 3*v + 2. Let h be p(2). What is the highest common divisor of h and x?
30
Let x be 412*(10/110 - (-31)/22). Let b = -418 + x. What is the highest common factor of b and 40?
40
Let z be (-1330)/84 - (-1)/(-6). Let n(m) = -m**3 - 16*m**2 - m - 12. Let k be n(z). Calculate the highest common divisor of 10 and k.
2
Suppose -5*n + 2218 = 2*i, -4*i + 5*n = -0*i - 4466. Suppose p + 1010 - i = 0. What is the highest common factor of p and 39?
13
Suppose 324 = 7*p + 2*p. Let z be (6/(-7))/(131/(-104538)). What is the greatest common factor of p and z?
36
Let x = 488 - 483. Suppose x*j - 4*s - 71 = 0, 9*j - 5*s - 70 = 4*j. What is the greatest common factor of j and 360?
15
Suppose -o + 481 = 2*x, -5*x + 5*o = -170 - 995. Suppose 0 = x*c - 241*c + 18. Calculate the highest common divisor of c and 81.
3
Let g = 51 - -8. Let i = g + -77. Let o be (-135)/(i/15 + 1/5). Calculate the highest common divisor of 15 and o.
15
Let r(g) = -8*g**3 - 7*g**2 + g + 2. Let m be r(-2). Suppose 61 = k + 3*f - m, -5*k + 4*f + 428 = 0. What is the greatest common divisor of 16 and k?
8
Suppose 0 = r - 5*f + 167, -14*r = -18*r + f - 630. Let d = r + 249. Calculate the greatest common factor of d and 46.
46
Let p(t) = 15*t - 11*t - 4*t**2 + 8*t**2 + t**2 - 4. Let y be p(2). Suppose 18*r - 432 = 9*r. What is the greatest common divisor of r and y?
24
Suppose 0 = 114*u - 118*u + 12. Suppose 50 = 2*x + u*x. Let i be 1258/x - (-1)/5. Calculate the greatest common divisor of 18 and i.
18
Let h(v) = 323*v**2 + 4*v - 2. Let n be h(1). Let t = 767 - n. What is the greatest common factor of 26 and t?
26
Suppose -97*k + 192*k + 34580 = 109*k. Calculate the highest common divisor of 2990 and k.
130
Let d = -96 - -40. Let z = d - -84. Suppose -4*k + z = -32. What is the greatest common factor of k and 30?
15
Suppose 4*o - 3015 = -2*y + 207, 5*y - 4020 = -5*o. What is the greatest common divisor of 6 and o?
3
Let u(d) = 59*d + 8295. Let p be u(-135). Calculate the highest common divisor of 10494 and p.
66
Suppose 1221 - 345 = -17*r + 18*r. Calculate the greatest common factor of r and 18.
6
Let c be 1 - 28/36 - (-1338)/54. Suppose 2*w - 67 = -3*s + w, -5*w - c = 0. What is the highest common factor of s and 8?
8
Suppose 0 = -2*b + 4*f + 896, -5*b + 0*f - f + 2218 = 0. Let x = 484 - b. Calculate the greatest common factor of x and 50.
10
Let p = 70 + -63. Let j be ((-7)/(p/6) - -3) + 90. Calculate the highest common factor of 58 and j.
29
Let a(q) = -1 - 8 + 16 + 17*q + 7 + 15*q**2. Let d be a(-7). Calculate the greatest common factor of 180 and d.
90
Let k(h) = -h**3 - 2*h**2 + 4*h + 6. Let v be k(-2). Let n be 20*(6 + -4)*(-47)/v. Calculate the highest common divisor of n and 47.
47
Let q = -39 - -143. Suppose -43*i + q = -42*i. Calculate the highest common factor of 2 and i.
2
Let x(c) = 697*c + 12889. Let r be x(-18). Calculate the greatest common factor of 14 and r.
7
Let f be (-1)/(-1) + (-438)/(-2 + 1). Let d = f + -235. Let x be (d - 1) + 3/(-4)*4. What is the highest common factor of x and 80?
40
Suppose -u - 19999 = -4*y, -5*y - 10*